{"id":2705,"date":"2021-11-28T16:28:06","date_gmt":"2021-11-28T15:28:06","guid":{"rendered":"http:\/\/andreas-goetz-anwalt.de\/?page_id=2705"},"modified":"2022-08-26T11:03:58","modified_gmt":"2022-08-26T09:03:58","slug":"strafrecht","status":"publish","type":"page","link":"https:\/\/andreas-goetz-anwalt.de\/?page_id=2705","title":{"rendered":"Strafrecht"},"content":{"rendered":"<div class=\"wpb-content-wrapper\"><p>[vc_row][vc_column][vc_column_text]<div class=\"wp-block-image\"><\/p>\n<figure class=\"alignleft size-full\"><img loading=\"lazy\" decoding=\"async\" width=\"600\" height=\"400\" class=\"wp-image-2716\" src=\"https:\/\/andreas-goetz-anwalt.de\/wp-content\/uploads\/2021\/11\/strafrecht.jpg\" alt=\"strafrecht\" srcset=\"https:\/\/andreas-goetz-anwalt.de\/wp-content\/uploads\/2021\/11\/strafrecht.jpg 600w, https:\/\/andreas-goetz-anwalt.de\/wp-content\/uploads\/2021\/11\/strafrecht-300x200.jpg 300w\" sizes=\"auto, (max-width: 600px) 100vw, 600px\" \/><\/figure>\n<\/div>\n<p>Sie sind Beschuldigter einer Straftat oder m\u00f6chten Ihre Rechte anderweitig vor Gericht verteidigen? Als Fachanwalt f\u00fcr Strafrecht \u00fcbernehme ich die gesamte Vertretung w\u00e4hrend des Prozesses und begleite Sie sowohl in kleinen als auch in gro\u00dfen Verfahren. Dank meiner Spezialisierung k\u00f6nnen Sie sich sicher sein, in jedem Sachverhalt die bestm\u00f6gliche Vertretung Ihrer Interessen zu erhalten. Nach vielen Jahren praktischer Erfahrung und hunderten F\u00e4llen begleite ich gerne auch Sie im Strafrecht.<\/p>\n\n<p><strong>Worauf kommt es im Strafrecht an?<\/strong><\/p>\n\n<p>Bei strafrechtlichen Antr\u00e4gen geht es in vielen F\u00e4llen um Haftstrafen, weshalb eine gute Vertretung vor Gericht entscheidend ist. Delikte wie K\u00f6rperverletzung, Raub, Mord und andere Straftaten stehen hierbei an der Tagesordnung und erfordern ein hohes Ma\u00df an rechtlichem Sachverstand. In meiner Funktion als Fachanwalt f\u00fcr Strafrecht berate ich Sie in jedem Prozessschritt und helfe Ihnen dabei, das richtige Vorgehen zu w\u00e4hlen. So arbeiten wir daran, dem Gericht plausible Argumente zu bieten.<\/p>\n\n<p>Selbstverst\u00e4ndlich haben Sie die M\u00f6glichkeit, mir Ihren Fall vor der Beauftragung unverbindlich und im Detail vorzustellen. Anschlie\u00dfend erhalten Sie ein Angebot f\u00fcr die rechtliche Vertretung, bei dem ich Sie exakt \u00fcber den Umfang meiner Leistungen informiere. So k\u00f6nnen Sie sich auf eine wirksame und ganzheitliche Vertretung im Strafrecht verlassen, bei der Ihrerseits keine Frage mehr offen ist.<\/p>\n\n<p><strong>In diesen F\u00e4llen ben\u00f6tigen Sie einen Fachanwalt f\u00fcr Strafrecht<\/strong><\/p>\n\n<p>Anders als bei vielen zivilrechtlichen Verfahren drohen im Strafrecht bei Missachtung der gesetzten Fristen sofortige Ma\u00dfnahmen von Polizei und Justiz. Aus diesem Grund sollten Sie vor allem in der Rolle des Beschuldigten nicht zu lange warten, sondern sich von Beginn an rechtlichen Beistand suchen. Auch bei kurzen Fristen k\u00f6nnen Sie sich von mir als Fachanwalt optimal vertreten lassen.<\/p>\n\n<p>Die Gr\u00f6\u00dfe des Delikts ist an dieser Stelle vollkommen unerheblich. Als Fachanwalt f\u00fcr Strafrecht blicke ich unvoreingenommen und sachlich auf die vorliegenden Anhaltspunkte und Sachverhalte, ohne in irgendeiner Form wertend aufzutreten. Mein Ziel ist die wirksame Vertretung der Interessen meiner Mandanten, weshalb ich Sie in jedem Fall bei gegebener Dringlichkeit begleite. In mehreren Gespr\u00e4chen l\u00e4sst sich hierzu am besten besprechen, welches Vorgehen in Ihrem Fall geeignet ist.<\/p>\n\n<p>Sollten Sie Opfer einer Straftat geworden sein, biete ich selbstverst\u00e4ndlich ebenfalls rechtlichen Beistand. Sp\u00e4testens bei einer Auseinandersetzung vor Gericht ist dies entscheidend, um Ihre Anhaltspunkte und Fakten geordnet vortragen zu k\u00f6nnen. Im Falle eines gerichtlichen Erfolgs m\u00fcssen Sie die Gerichts- und Beauftragungskosten nicht selbst tragen, sondern immer der Prozessverlierer.<\/p>\n\n<p><strong>Langj\u00e4hrige praktische Erfahrung im Strafrecht<\/strong><\/p>\n\n<p>Einer der entscheidenden Vorteile f\u00fcr die Beauftragung im Strafrecht ist meine langj\u00e4hrige Erfahrung aus diversen F\u00e4llen und Sachverhalten. Vor allem bei strafrechtlichen Angelegenheiten ist es wichtig, sich ausreichend Zeit f\u00fcr die zentralen Absprachen zu lassen und das Vorgehen f\u00fcr den Prozess im Detail auszuarbeiten. So wissen Sie vorab, welche Optionen Ihnen vor Gericht zur Verf\u00fcgung stehen.<\/p>\n\n<p>Falls Sie sich im Vorhinein f\u00fcr meine Qualifikationen interessieren, erteile ich Ihnen gerne gesondert Auskunft. Wie bei allen Fachanw\u00e4lten im Strafrecht musste ich jedoch besondere theoretische Kenntnisse nachweisen, von denen ich Sie auch in Ihrem Fall profitieren lasse. Auch praktische Erfahrungen und erfolgreich bestrittene F\u00e4lle sind ein wichtiges Kriterium f\u00fcr Fachanw\u00e4lte im Strafrecht. Dies hat den Vorteil, dass ich Sie entsprechend Ihres Sachverhalts optimal begleiten kann.<\/p>\n\n<p><strong>Lassen Sie sich von mir beraten!<\/strong><\/p>\n\n<p>Wenn Sie einen Fachanwalt im Strafrecht suchen, begleite ich Sie jederzeit bei Ihren Anliegen. Als offiziell von der Rechtsanwaltskammer Frankfurt beglaubigter Fachanwalt f\u00fcr Strafrecht bin ich stets in der Lage, die rechtliche Vertretung f\u00fcr Sie zu \u00fcbernehmen. Sowohl in umfassenden Beratungen als auch w\u00e4hrend der Gerichtsverhandlung k\u00f6nnen Sie sich auf einen guten Rechtsbeistand verlassen.<\/p>\n<br \/>\n<figure class=\"wp-block-pullquote\">\n<blockquote>\n<p><strong>Die 10 goldenen Regeln von Rechtsanwalt G\u00f6tz:<\/strong><br \/><strong>&#8220;Wie ich mich in einem Strafverfahren verhalte.&#8221;<\/strong><\/p>\n<\/blockquote>\n<\/figure>\n<p style=\"padding-left: 40px;\"><br \/><strong>1)<\/strong> Bleiben Sie ruhig und machen Sie keine Schnellsch\u00fcsse<\/p>\n<p style=\"padding-left: 40px;\"><strong>2)<\/strong> Kontaktieren Sie umgehend einen Rechtsanwalt. Am besten einem Anwalt der sich in diesem Bereich auskennt und ggf. sogar Fachanwalt f\u00fcr Strafrecht ist.<br \/>\u00a0 \u00a0 \u00a0Sofern Sie mich kontaktieren wollen, nutzen Sie das Kontaktformular oder rufen mich an. Die Notfallnummer ist die 0179-75 19 114. Ich nenne es den Telefonjoker.<\/p>\n<p style=\"padding-left: 40px;\"><strong>3)<\/strong> Gehen Sie nicht zu einem Vernehmungstermin als Beschuldigter, bevor Sie nicht mit einem Rechtsanwalt gesprochen haben. <br \/>\u00a0 \u00a0 Sie k\u00f6nnen bei der Polizei nichts gut machen, aber viel verkehrt. Dies kann ggf. in einem sp\u00e4teren Verfahren nicht mehr repariert werden.<\/p>\n<p style=\"padding-left: 40px;\"><strong>4)<\/strong> Reden Sie mit niemanden \u00fcber die Sache. Insbesondere nicht mit der Polizei. Jeder mit dem Sie \u00fcber die Sache reden kann ggf.<br \/>\u00a0 \u00a0 \u00a0sp\u00e4ter Zeuge sein, und was Sie sagen gegen sie verwendet werden.<\/p>\n<p style=\"padding-left: 40px;\"><strong>5)<\/strong> Erwarten Sie keine Hilfe, da jeder Angst hat ggf. selbst Beschuldigter zu werden.<\/p>\n<p style=\"padding-left: 40px;\"><strong>6)<\/strong> Machen Sie sich eine Liste von Entlastungszeugen und entlastenden Beweisen und sichern Sie sich diese.<\/p>\n<p style=\"padding-left: 40px;\"><strong>7)<\/strong> Machen Sie sich kein Ged\u00e4chtnisprotokoll \u00fcber den Sachverhalt wie sie ihn wahrgenommen haben, da diese Notizen auch beschlagnahmt werden k\u00f6nnen.<\/p>\n<p style=\"padding-left: 40px;\"><strong>8)<\/strong> Bei einer Hausdurchsuchung lassen Sie sich den Durchsuchungsbefehl zeigen und lesen Sie sich diesen gut durch. Ziehen Sie eigene Zeugen mit hinzu.<br \/>\u00a0 \u00a0 Bleiben Sie ruhig und kontaktieren Sie Ihren Anwalt. Bleiben Sie h\u00f6flich und leisten Sie keinen Widerstand gegen\u00fcber den Beamten. Nicht dass noch ein weiteres Verfahren hinzukommt.<br \/>\u00a0 \u00a0 Die Beamten m\u00fcssen ihnen ein Dursuchungsprotokoll nach der Durchsuchung geben. Bestehen Sie hierauf.<\/p>\n<p style=\"padding-left: 40px;\"><strong>9)<\/strong> Akzeptieren sie nicht, wenn ihnen Gegenst\u00e4nde (F\u00fchrerschein, Akten, sonstiges\u2026) beschlagnahmt werden, sondern widersprechen sie dieser Beschlagnahme. Aber unterlassen Sie<br \/>\u00a0 \u00a0 es sich weiter dagegen zu wehren. Im Falle eines Widerspruchs muss ein Richter \u00fcber die Ma\u00dfnahme entscheiden.<\/p>\n<p style=\"padding-left: 40px;\"><strong>10)<\/strong> Bei ihrer Verhaftung bestehen Sie darauf, dass Sie ihren Anwalt kontaktieren d\u00fcrfen und reden Sie nicht mit den Polzisten, bevor Sie nicht mit dem Rechtsanwalt gesprochen haben.<br \/>\u00a0 \u00a0 \u00a0 \u00a0Sollten Sie einmal verhaftet werden und werden dem sogenannten Untersuchungshaftrichter vorgef\u00fchrt, kontaktieren Sie den Anwalt ihres Vertrauens und bestehen Sie auch auf seine<br \/>\u00a0 \u00a0 \u00a0 \u00a0Beiordnung.<\/p>\n<p>&nbsp;<\/p>\n<p>&nbsp;<\/p>\n<!--more--><br \/><!--more--><br \/>\n<p>[\/vc_column_text][\/vc_column][\/vc_row]<\/p>\n<\/div>","protected":false},"excerpt":{"rendered":"<p>[vc_row][vc_column][vc_column_text] Sie sind Beschuldigter einer Straftat oder m\u00f6chten Ihre Rechte anderweitig vor Gericht verteidigen? Als Fachanwalt f\u00fcr Strafrecht \u00fcbernehme ich die gesamte Vertretung w\u00e4hrend des Prozesses und begleite Sie sowohl in kleinen als auch in gro\u00dfen Verfahren. Dank meiner Spezialisierung k\u00f6nnen Sie sich sicher sein, in jedem Sachverhalt die bestm\u00f6gliche Vertretung Ihrer Interessen zu erhalten&#8230;.<\/p>\n","protected":false},"author":1,"featured_media":0,"parent":611,"menu_order":1,"comment_status":"closed","ping_status":"closed","template":"","meta":{"footnotes":""},"class_list":["post-2705","page","type-page","status-publish","hentry"],"_links":{"self":[{"href":"https:\/\/andreas-goetz-anwalt.de\/index.php?rest_route=\/wp\/v2\/pages\/2705","targetHints":{"allow":["GET"]}}],"collection":[{"href":"https:\/\/andreas-goetz-anwalt.de\/index.php?rest_route=\/wp\/v2\/pages"}],"about":[{"href":"https:\/\/andreas-goetz-anwalt.de\/index.php?rest_route=\/wp\/v2\/types\/page"}],"author":[{"embeddable":true,"href":"https:\/\/andreas-goetz-anwalt.de\/index.php?rest_route=\/wp\/v2\/users\/1"}],"replies":[{"embeddable":true,"href":"https:\/\/andreas-goetz-anwalt.de\/index.php?rest_route=%2Fwp%2Fv2%2Fcomments&post=2705"}],"version-history":[{"count":35,"href":"https:\/\/andreas-goetz-anwalt.de\/index.php?rest_route=\/wp\/v2\/pages\/2705\/revisions"}],"predecessor-version":[{"id":2885,"href":"https:\/\/andreas-goetz-anwalt.de\/index.php?rest_route=\/wp\/v2\/pages\/2705\/revisions\/2885"}],"up":[{"embeddable":true,"href":"https:\/\/andreas-goetz-anwalt.de\/index.php?rest_route=\/wp\/v2\/pages\/611"}],"wp:attachment":[{"href":"https:\/\/andreas-goetz-anwalt.de\/index.php?rest_route=%2Fwp%2Fv2%2Fmedia&parent=2705"}],"curies":[{"name":"wp","href":"https:\/\/api.w.org\/{rel}","templated":true}]}}